e 3.
12011111002000
Convert 11c145 (base 14) to base 8.
2246221
Convert 30024430 (base 5) to base 13.
836b4
What is 3324555 (base 6) in base 8?
506067
261550 (base 9) to base 2
100110101110110011
Convert -11105541 (base 6) to base 8.
-1217445
Convert 194b78 (base 12) to base 11.
283687
What is 3b373 (base 15) in base 16?
2e557
-30533355 (base 6) to base 8
-3275247
What is -88688 (base 12) in base 2?
-101100000111001000
-636733 (base 9) to base 6
-12042220
-252786 (base 9) to base 11
-a4a57
Convert -11101001110100111 (base 2) to base 14.
-318b5
2c3b45 (base 13) to base 6
35240001
Convert 243322 (base 8) to base 11.
57950
29465 (base 14) to base 7
604355
48461 (base 13) to base 15
29435
What is -34133442 (base 7) in base 13?
-7cb327
3541204 (base 6) to base 9
310754
10b287 (base 12) to base 14
6da75
Convert -244594 (base 10) to base 2.
-111011101101110010
What is 23304221 (base 6) in base 10?
724117
-194a6 (base 13) to base 14
-13ca6
What is -1b395b (base 13) in base 16?
-a9594
Convert -b7c800 (base 14) to base 5.
-3043010342
What is -757a382 (base 11) in base 2?
-110010110100100011000000
Convert -21071 (base 14) to base 9.
-131257
1170be (base 15) to base 14
179c16
Convert 11c421 (base 15) to base 13.
23a709
-10100111001111010 (base 2) to base 9
-140410
Convert -526334 (base 9) to base 13.
-ac621
What is 2362641 (base 7) in base 5?
34114014
-1414186 (base 10) to base 5
-330223221
-103551 (base 10) to base 14
-29a47
Convert -931412 (base 12) to base 15.
-307a0e
Convert -130222301030 (base 4) to base 13.
-1731893
Convert 114103 (base 10) to base 8.
336667
1412a6 (base 12) to base 11
208972
Convert -5794a (base 13) to base 15.
-32512
What is 5c3dd (base 14) in base 7?
1630166
-39692 (base 16) to base 2
-111001011010010010
What is -10110110001100100100 (base 2) in base 5?
-142340101
-d685 (base 14) to base 16
-9065
Convert 10001111101110111001011 (base 2) to base 6.
244540443
1100212001011 (base 3) to base 5
141203021
Convert -111100011000010100011 (base 2) to base 5.
-1001303111
1d7c10 (base 15) to base 4
11200200000
What is -163a90 (base 15) in base 7?
-12066651
What is -95358 (base 10) in base 15?
-1d3c3
What is 101110111110010101110 (base 2) in base 13?
41b7c7
What is -12102012200 (base 3) in base 10?
-106587
-560513 (base 8) to base 2
-101110000101001011
What is -8e41da (base 15) in base 4?
-121323211300
-318d03 (base 15) to base 13
-64778a
2655a7 (base 14) to base 6
44151411
Convert -57676 (base 14) to base 7.
-1543506
-3686ab (base 12) to base 13
-250202
What is 11260660 (base 8) in base 10?
2449840
Convert 5b425 (base 13) to base 8.
507377
What is 2220112202 (base 3) in base 2?
1101111110101100
Convert 1110111010001000 (base 2) to base 16.
ee88
What is -158d3 (base 16) in base 11?
-60360
Convert 100100001001111111 (base 2) to base 12.
71853
Convert -a85480 (base 11) to base 7.
-20513626
What is -26910 (base 11) in base 4?
-21113200
What is 2764406 (base 8) in base 13?
214384
-101000100010000100110 (base 2) to base 11
-827964
What is 33003313 (base 5) in base 13?
9b2bb
Convert -a0697 (base 11) to base 14.
-3b934
What is 8b200 (base 12) in base 4?
231031200
Convert 581544 (base 9) to base 4.
1111023223
What is -101200110202 (base 3) in base 10?
-210296
2346515 (base 10) to base 4
20330320103
What is -2425054 (base 8) in base 5?
-132304111
What is 2053201 (base 8) in base 11?
3435a8
-4c097 (base 13) to base 2
-100010010110111100
Convert 340153034 (base 6) to base 2.
10111100011001101001110
What is 5433b (base 12) in base 11?
764a4
What is -757aa (base 11) in base 13?
-3b16c
What is -2a7059 (base 11) in base 12?
-1b0685
What is -1251414 (base 6) in base 13?
-25582
What is -2444a (base 12) in base 6?
-1014534
What is -212262633 (base 7) in base 3?
-212210001100100
Convert -9b2162 (base 13) to base 8.
-15755243
What is -11000100101001011 (base 2) in base 3?
-12010010000
What is -d15a (base 16) in base 13?
-1b518
What is -454130525 (base 6) in base 3?
-120122112021022
Convert -4620788 (base 9) to base 8.
-11406603
What is 2110202211012 (base 3) in base 11?
81846a
Convert -3352167 (base 12) to base 16.
-95b75f
What is -1cc29 (base 13) in base 6?
-1115500
What is 7c23a (base 14) in base 13?
a7788
Convert -31403 (base 7) to base 10.
-7745
154233105 (base 6) to base 15
44d99e
What is 2012023041 (base 5) in base 10?
4017271
What is -1055543252 (base 6) in base 14?
-17c00c8
What is -6d716 (base 14) in base 6?
-5422412
What is -15131125 (base 8) in base 16?
-34b255
What is -78ccc8 (base 15) in base 3?
-101211211201222
Convert 8265 (base 13) to base 8.
43115
Convert -7669dc (base 14) to base 3.
-21112220202001
What is -1000101100011011110101 (base 2) in base 9?
-4253366
What is -1b9c34 (base 14) in base 8?
-3610546
-271113 (base 8) to base 4
-113021023
What is 4c7415 (base 13) in base 6?
103304533
-6514 (base 11) to base 2
-10000110011110
What is 222302201 (base 4) in base 3?
22220102022
-435043 (base 7) to base 8
-224621
What is 1100010100101111011 (base 2) in base 10?
403835
What is -2232204 (base 5) in base 16?
-9aff
Convert a3671 (base 11) to base 3.
21200102021
-46a17 (base 14) to base 10
-172109
189b4 (base 14) to base 7
346414
What is 65333241 (base 7) in base 15?
755bc3
-36713 (base 12) to base 8
-217577
What is 11111011100100000110 (base 2) in base 3?
1221100110012
-13232333 (base 5) to base 7
-1064056
What is 2b87c (base 15) in base 16?
22404
What is -211430351 (base 6) in base 8?
-16143373
What is 10004103 (base 5) in base 9?
128802
What is -42102402 (base 5) in base 13?
-c207a
Convert 344654 (base 14) to base 12.
719882
Convert -1023211321 (base 4) to base 12.
-12b221
81af5 (base 16) to base 6
15215113
-372511 (base 8) to base 3
-20112000221
Convert 3202325 (base 8) to base 2.
11010000010011010101
What is 1441462 (base 7) in base 2?
101111100111111000
-864344 (base 11) to base 15
-1c4729
What is -455335 (base 9) in base 6?
-5503305
What is -56205 (base 9) in base 15?
-b0eb
What is cc7670 (base 15) in base 3?
200100002201220
212202102110 (base 3) to base 10
467598
What is 141678 (base 9) in base 6?
1504455
Convert -5022312 (base 10) to base 5.
-2241203222
197837 (base 10) to base 16
304cd
Convert 14700b (base 13) to base 16.
7a4bf
-275b4a (base 12) to base 14
-13001c
3042400 (base 5) to base 14
1419b
What is -796899 (base 11) in base 5?
-311040223
-113032230 (base 4) to base 8
-271654
Convert 6234284 (base 11) to base 10.
11001049
Convert -19a074 (base 12) to base 10.
-452824
132130332300 (base 4) to base 6
443034240
Convert 91c4b6 (base 16) to base 3.
122222100100201
What is 12135326 (base 8) in base 6?
133113422
-486997 (base 16) to base 2
-10010000110100110010111
65de2 (base 15) to base 9
543105
Convert 231336 (base 8) to base 6.
1403410
What is 253564 (base 11) in base 3?
202022122220
What is 535378 (base 9) in base 8?
1156647
What is 15252 (base 11) in base 6?
243551
2373017 (base 8) to base 11
406519
Convert -68a94 (base 11) to base 7.
-563661
-2123646 (base 8) to base 2
-10001010011110100110
Convert 29e5e1 (base 16) to base 8.
12362741
Convert -10113124 (base 7) to base 9.
-1525477
-1100220102101 (base 3) to base 8
-2612567
What is 133408 (base 9) in base 10?
81251
What is 154513532 (base 6) in base 7?
40052144
Convert 5437c (base 14) to base 4.
301233222
Convert 804985 (base 11) to base 3.
2102210021210
7b3446 (base 14) to base 10
4196422
Convert 103032 (base 6) to base 4.
2003330
Convert -1230030210 (base 5) to base 14.
-574876
Convert -c4c0 (base 16) to base 2.
-1100010011000000
What is 1c1707 (base 13) in base 14?
14963a
-115361353 (base 7) to base 16
-6e80d8
What is -11101010001000101 (base 2) in base 12?
-59459
What is 443205 (base 6) in base 5?
2141023
Convert 1616522 (base 10) to base 5.
403212042
What is -340de (base 16) in base 15?
-43294
-11025651 (base 7) to base 14
-1a96d1
What is -8b277 (base 13) in base 2?
-111101110010100011
What is 24154314 (base 7) in base 14?
3dcb44
2c482 (base 16) to base 12
88b6a
6675033 (base 8) to base 16
1b7a1b
What is -73266 (base 12) in base 6?
-3121410
What is 1534233 (base 6) in base 12?
44379
What is -33160 (base 11) in base 13?
-18b83
Convert -400304023 (base 5) to base 3.
-2221212220121
-181290 (base 11) to base 14
-73db5
-44033344 (base 5) to base 15
-76c19
-11010120000201 (base 3) to